{"id":24143,"date":"2021-07-29T17:05:20","date_gmt":"2021-07-29T20:05:20","guid":{"rendered":"http:\/\/www.portaliceb.org.br\/wordpress\/?post_type=product&#038;p=24143"},"modified":"2021-08-31T18:49:37","modified_gmt":"2021-08-31T21:49:37","slug":"livro-espirita","status":"publish","type":"product","link":"http:\/\/www.portaliceb.org.br\/wordpress\/?product=livro-espirita","title":{"rendered":"Livro Del\u00edcias da Prece | E-Book"},"content":{"rendered":"<h3>A ora\u00e7\u00e3o sincera \u00e9 a ponte que permite a passagem do gosto bom do Bem.<\/h3>\n<p>REIS, cesar. Del\u00edcias da Prece | <strong>E-Book<\/strong> | <strong>1\u00b0edi\u00e7\u00e3o<\/strong><\/p>\n<h5>P\u00e1ginas: 61<br \/>\nTamanho: 1.538 KB<\/h5>\n<p>&nbsp;<\/p>\n<p>&nbsp;<\/p>\n<p>&nbsp;<\/p>\n","protected":false},"excerpt":{"rendered":"<p>Livro: Del\u00edcias da Prece<\/p>\n","protected":false},"featured_media":24406,"comment_status":"closed","ping_status":"closed","template":"","meta":[],"product_cat":[105],"product_tag":[],"class_list":{"0":"post-24143","1":"product","2":"type-product","3":"status-publish","4":"has-post-thumbnail","6":"product_cat-livros","8":"first","9":"instock","10":"sale","11":"downloadable","12":"shipping-taxable","13":"purchasable","14":"product-type-simple"},"_links":{"self":[{"href":"http:\/\/www.portaliceb.org.br\/wordpress\/index.php?rest_route=\/wp\/v2\/product\/24143","targetHints":{"allow":["GET"]}}],"collection":[{"href":"http:\/\/www.portaliceb.org.br\/wordpress\/index.php?rest_route=\/wp\/v2\/product"}],"about":[{"href":"http:\/\/www.portaliceb.org.br\/wordpress\/index.php?rest_route=\/wp\/v2\/types\/product"}],"replies":[{"embeddable":true,"href":"http:\/\/www.portaliceb.org.br\/wordpress\/index.php?rest_route=%2Fwp%2Fv2%2Fcomments&post=24143"}],"wp:featuredmedia":[{"embeddable":true,"href":"http:\/\/www.portaliceb.org.br\/wordpress\/index.php?rest_route=\/wp\/v2\/media\/24406"}],"wp:attachment":[{"href":"http:\/\/www.portaliceb.org.br\/wordpress\/index.php?rest_route=%2Fwp%2Fv2%2Fmedia&parent=24143"}],"wp:term":[{"taxonomy":"product_cat","embeddable":true,"href":"http:\/\/www.portaliceb.org.br\/wordpress\/index.php?rest_route=%2Fwp%2Fv2%2Fproduct_cat&post=24143"},{"taxonomy":"product_tag","embeddable":true,"href":"http:\/\/www.portaliceb.org.br\/wordpress\/index.php?rest_route=%2Fwp%2Fv2%2Fproduct_tag&post=24143"}],"curies":[{"name":"wp","href":"https:\/\/api.w.org\/{rel}","templated":true}]}}