{"id":89,"date":"2011-12-04T21:09:50","date_gmt":"2011-12-05T00:09:50","guid":{"rendered":"http:\/\/www.portaliceb.org.br\/wordpress\/?page_id=89"},"modified":"2015-09-10T12:41:44","modified_gmt":"2015-09-10T15:41:44","slug":"reflexoes","status":"publish","type":"page","link":"http:\/\/www.portaliceb.org.br\/wordpress\/?page_id=89","title":{"rendered":"Reflex\u00f5es"},"content":{"rendered":"<p>Para refletir&#8230;<\/p>\n<p align=\"left\"><a href=\"http:\/\/www.portaliceb.org.br\/pdf\/O_Instituto_e_a_Cultura-DeolindoAmorim.pdf\" target=\"_blank\">O Instituto e a Cultura<\/a><\/p>\n<p align=\"left\"><a href=\"http:\/\/www.portaliceb.org.br\/pdf\/Instituto_de_Cultura_Espirita-Valores_Humanos-Deolindo%20Amorim.pdf\" target=\"_blank\">O ICEB e Valores Humanos<\/a><\/p>\n<p align=\"left\"><a href=\"http:\/\/www.portaliceb.org.br\/pdf\/mentes_emaranhadadas_marta_antunes_moura.pdf\" target=\"_blank\">Mentes Emaranhadas<\/a><\/p>\n<p align=\"left\"><a href=\"http:\/\/www.portaliceb.org.br\/pdf\/OPensamento_e_a_Fisica_Quantica-_professor_moacir.pdf\" target=\"_blank\">O Pensamento e a F\u00edsica Qu\u00e2ntica<\/a><\/p>\n<p align=\"left\"><a href=\"http:\/\/www.portaliceb.org.br\/pdf\/Espiritismo_e_Ecologia-_andre_trigueiro.pdf\" target=\"_blank\">Espiritismo e Ecologia<\/a><\/p>\n<p align=\"left\"><a href=\"http:\/\/www.portaliceb.org.br\/pdf\/A_Harmonia_da_Vida-Antonio_Carlos_Siqueira_de_Lima.pdf\" target=\"_blank\">A Harmonia da Vida<\/a><\/p>\n<p align=\"left\"><a href=\"http:\/\/www.portaliceb.org.br\/pdf\/adolescencia_e_o_desafio_da_sexualidade.pdf\" target=\"_blank\">Adolesc\u00eancia e o Desafio da Sexualidade<\/a><\/p>\n<p align=\"left\"><a href=\"http:\/\/www.portaliceb.org.br\/pdf\/OPensamento_e_a_Fisica_Quantica-_professor_moacir.pdf\">O Pensamento e a F\u00edsica Qu\u00e2ntica<\/a><\/p>\n<p><!--\n\n<p align=\"left\"><a href=\"http:\/\/www.portaliceb.org.br\/home\/?v=cegueira\">A Cegueira da Raz\u00e3o no Fim do S\u00e9culo<\/a><\/p>\n\n\n\n\n<p align=\"left\"><a href=\"http:\/\/www.portaliceb.org.br\/home\/?v=reencarnacao\">A Reencarna\u00e7\u00e3o e a Responsabilidade<\/a><\/p>\n\n\n\n\n<p align=\"left\"><a href=\"http:\/\/www.portaliceb.org.br\/home\/?v=anseios\">Anseios da Ci\u00eancia<\/a><\/p>\n\n\n\n\n<p align=\"left\"><a href=\"http:\/\/www.portaliceb.org.br\/home\/?v=dupla\">Dupla Personalidade de Jung<\/a><\/p>\n\n\n\n\n<p align=\"left\"><a href=\"http:\/\/www.portaliceb.org.br\/home\/?v=visao\">Vis\u00e3o Esp\u00edrita da Guerra, dita Santa<\/a><\/p>\n\n\n\n\n<p align=\"left\"><a href=\"http:\/\/www.portaliceb.org.br\/home\/?v=jesus\">Jesus dos 13 aos 30 Anos<\/a><\/p>\n\n\n\n\n<p align=\"left\"><a href=\"http:\/\/www.portaliceb.org.br\/home\/?v=sentimentos\">Sentimentos Conflitados<\/a><\/p>\n\n--><\/p>\n","protected":false},"excerpt":{"rendered":"<p>Para refletir&#8230; O Instituto e a Cultura O ICEB e Valores Humanos Mentes Emaranhadas O Pensamento e a F\u00edsica Qu\u00e2ntica Espiritismo e Ecologia A Harmonia da Vida Adolesc\u00eancia e o Desafio da Sexualidade O Pensamento e a F\u00edsica Qu\u00e2ntica<\/p>\n","protected":false},"author":1,"featured_media":0,"parent":0,"menu_order":7,"comment_status":"closed","ping_status":"closed","template":"","meta":{"footnotes":""},"class_list":["post-89","page","type-page","status-publish","hentry"],"_links":{"self":[{"href":"http:\/\/www.portaliceb.org.br\/wordpress\/index.php?rest_route=\/wp\/v2\/pages\/89","targetHints":{"allow":["GET"]}}],"collection":[{"href":"http:\/\/www.portaliceb.org.br\/wordpress\/index.php?rest_route=\/wp\/v2\/pages"}],"about":[{"href":"http:\/\/www.portaliceb.org.br\/wordpress\/index.php?rest_route=\/wp\/v2\/types\/page"}],"author":[{"embeddable":true,"href":"http:\/\/www.portaliceb.org.br\/wordpress\/index.php?rest_route=\/wp\/v2\/users\/1"}],"replies":[{"embeddable":true,"href":"http:\/\/www.portaliceb.org.br\/wordpress\/index.php?rest_route=%2Fwp%2Fv2%2Fcomments&post=89"}],"version-history":[{"count":10,"href":"http:\/\/www.portaliceb.org.br\/wordpress\/index.php?rest_route=\/wp\/v2\/pages\/89\/revisions"}],"predecessor-version":[{"id":854,"href":"http:\/\/www.portaliceb.org.br\/wordpress\/index.php?rest_route=\/wp\/v2\/pages\/89\/revisions\/854"}],"wp:attachment":[{"href":"http:\/\/www.portaliceb.org.br\/wordpress\/index.php?rest_route=%2Fwp%2Fv2%2Fmedia&parent=89"}],"curies":[{"name":"wp","href":"https:\/\/api.w.org\/{rel}","templated":true}]}}

Reflexões

<p>Para refletir&#8230;</p>
<p align="left"><a href="http://www.portaliceb.org.br/pdf/O_Instituto_e_a_Cultura-DeolindoAmorim.pdf" target="_blank">O Instituto e a Cultura</a></p>
<p align="left"><a href="http://www.portaliceb.org.br/pdf/Instituto_de_Cultura_Espirita-Valores_Humanos-Deolindo%20Amorim.pdf" target="_blank">O ICEB e Valores Humanos</a></p>
<p align="left"><a href="http://www.portaliceb.org.br/pdf/mentes_emaranhadadas_marta_antunes_moura.pdf" target="_blank">Mentes Emaranhadas</a></p>
<p align="left"><a href="http://www.portaliceb.org.br/pdf/OPensamento_e_a_Fisica_Quantica-_professor_moacir.pdf" target="_blank">O Pensamento e a Física Quântica</a></p>
<p align="left"><a href="http://www.portaliceb.org.br/pdf/Espiritismo_e_Ecologia-_andre_trigueiro.pdf" target="_blank">Espiritismo e Ecologia</a></p>
<p align="left"><a href="http://www.portaliceb.org.br/pdf/A_Harmonia_da_Vida-Antonio_Carlos_Siqueira_de_Lima.pdf" target="_blank">A Harmonia da Vida</a></p>
<p align="left"><a href="http://www.portaliceb.org.br/pdf/adolescencia_e_o_desafio_da_sexualidade.pdf" target="_blank">Adolescência e o Desafio da Sexualidade</a></p>
<p align="left"><a href="http://www.portaliceb.org.br/pdf/OPensamento_e_a_Fisica_Quantica-_professor_moacir.pdf">O Pensamento e a Física Quântica</a></p>
<p><!--

<p align="left"><a href="http://www.portaliceb.org.br/home/?v=cegueira">A Cegueira da Razão no Fim do Século</a></p>




<p align="left"><a href="http://www.portaliceb.org.br/home/?v=reencarnacao">A Reencarnação e a Responsabilidade</a></p>




<p align="left"><a href="http://www.portaliceb.org.br/home/?v=anseios">Anseios da Ciência</a></p>




<p align="left"><a href="http://www.portaliceb.org.br/home/?v=dupla">Dupla Personalidade de Jung</a></p>




<p align="left"><a href="http://www.portaliceb.org.br/home/?v=visao">Visão Espírita da Guerra, dita Santa</a></p>




<p align="left"><a href="http://www.portaliceb.org.br/home/?v=jesus">Jesus dos 13 aos 30 Anos</a></p>




<p align="left"><a href="http://www.portaliceb.org.br/home/?v=sentimentos">Sentimentos Conflitados</a></p>

--></p>

<p>Para refletir&#8230; O Instituto e a Cultura O ICEB e Valores Humanos Mentes Emaranhadas O Pensamento e a Física Quântica Espiritismo e Ecologia A Harmonia da Vida Adolescência e o Desafio da Sexualidade O Pensamento e a Física Quântica</p>
