{"id":66,"date":"2011-12-04T20:45:08","date_gmt":"2011-12-04T23:45:08","guid":{"rendered":"http:\/\/www.portaliceb.org.br\/wordpress\/?page_id=66"},"modified":"2013-03-02T23:21:35","modified_gmt":"2013-03-03T02:21:35","slug":"visao-dos-cursos","status":"publish","type":"page","link":"http:\/\/www.portaliceb.org.br\/wordpress\/?page_id=66","title":{"rendered":"Vis\u00e3o dos Cursos"},"content":{"rendered":"<h2 style=\"text-align: left;\" align=\"center\">Abordagem<\/h2>\n<p>A\u00a0<strong>Vis\u00e3o dos Cursos<\/strong>\u00a0perseguida e ministrada pelo ICEB, decorrente de seus objetivos estrat\u00e9gicos, resme-se em tr\u00eas linhas de abordagem:<\/p>\n<ol>\n<li>a primeira\u00a0<em>Forma\u00e7\u00e3o Avan\u00e7ada em Doutrina Esp\u00edrita<\/em>, operacionalizada na programa\u00e7\u00e3o do 1\u00ba semestre (mar\u00e7o, abril, maio, junho) e 2\u00ba semestre (agosto, setembro, outubro, novembro) executada aos s\u00e1bados de 15h \u00e0s 17h. Apoiando esta linha de atua\u00e7\u00e3o tem-se no m\u00eas de julho\u00a0<em>T\u00f3picos Especiais em Espiritismo<\/em>, que discutem grandes temas da atualidade \u00e0 luz da Doutrina Esp\u00edrita, desenvolvidos atrav\u00e9s de semin\u00e1rios e mesas redondas e nos meses de janeiro e fevereiro o\u00a0<em>Curso de Ver\u00e3o<\/em>\u00a0que procuram retratar o estado da arte das diversas \u00e1reas do conhecimento e sua correla\u00e7\u00e3o com a Doutrina Esp\u00edrita;<\/li>\n<li>a segunda\u00a0<em>Nivelamento e Atualiza\u00e7\u00e3o<\/em>\u00a0e<\/li>\n<li>a terceira\u00a0<em>Presta\u00e7\u00e3o de Servi\u00e7os ao Movimento Esp\u00edrita<\/em>\u00a0(em implanta\u00e7\u00e3o).<\/li>\n<\/ol>\n<p>Paralelamente est\u00e1 sendo desenvolvido o estudo da\u00a0<em>Codifica\u00e7\u00e3o Esp\u00edrita,<\/em>\u00a0da obra de\u00a0<em>Andr\u00e9 Luiz<\/em>\u00a0e do Pensamento de<em>Joanna de Angelis<\/em>, assim como\u00a0<em>cursos de nivelamento de base doutrin\u00e1ria<\/em>\u00a0e o\u00a0<em>curso de esperanto<\/em>.<\/p>\n","protected":false},"excerpt":{"rendered":"<p>Abordagem A\u00a0Vis\u00e3o dos Cursos\u00a0perseguida e ministrada pelo ICEB, decorrente de seus objetivos estrat\u00e9gicos, resme-se em tr\u00eas linhas de abordagem: a primeira\u00a0Forma\u00e7\u00e3o Avan\u00e7ada em Doutrina Esp\u00edrita, operacionalizada na programa\u00e7\u00e3o do 1\u00ba semestre (mar\u00e7o, abril, maio, junho) e 2\u00ba semestre (agosto, setembro, outubro, novembro) executada aos s\u00e1bados de 15h \u00e0s 17h. Apoiando esta linha de atua\u00e7\u00e3o tem-se [&hellip;]<\/p>\n","protected":false},"author":1,"featured_media":0,"parent":53,"menu_order":2,"comment_status":"closed","ping_status":"closed","template":"","meta":{"footnotes":""},"class_list":["post-66","page","type-page","status-publish","hentry"],"_links":{"self":[{"href":"http:\/\/www.portaliceb.org.br\/wordpress\/index.php?rest_route=\/wp\/v2\/pages\/66","targetHints":{"allow":["GET"]}}],"collection":[{"href":"http:\/\/www.portaliceb.org.br\/wordpress\/index.php?rest_route=\/wp\/v2\/pages"}],"about":[{"href":"http:\/\/www.portaliceb.org.br\/wordpress\/index.php?rest_route=\/wp\/v2\/types\/page"}],"author":[{"embeddable":true,"href":"http:\/\/www.portaliceb.org.br\/wordpress\/index.php?rest_route=\/wp\/v2\/users\/1"}],"replies":[{"embeddable":true,"href":"http:\/\/www.portaliceb.org.br\/wordpress\/index.php?rest_route=%2Fwp%2Fv2%2Fcomments&post=66"}],"version-history":[{"count":2,"href":"http:\/\/www.portaliceb.org.br\/wordpress\/index.php?rest_route=\/wp\/v2\/pages\/66\/revisions"}],"predecessor-version":[{"id":295,"href":"http:\/\/www.portaliceb.org.br\/wordpress\/index.php?rest_route=\/wp\/v2\/pages\/66\/revisions\/295"}],"up":[{"embeddable":true,"href":"http:\/\/www.portaliceb.org.br\/wordpress\/index.php?rest_route=\/wp\/v2\/pages\/53"}],"wp:attachment":[{"href":"http:\/\/www.portaliceb.org.br\/wordpress\/index.php?rest_route=%2Fwp%2Fv2%2Fmedia&parent=66"}],"curies":[{"name":"wp","href":"https:\/\/api.w.org\/{rel}","templated":true}]}}

Visão dos Cursos

<h2 style="text-align: left;" align="center">Abordagem</h2>
<p>A <strong>Visão dos Cursos</strong> perseguida e ministrada pelo ICEB, decorrente de seus objetivos estratégicos, resme-se em três linhas de abordagem:</p>
<ol>
<li>a primeira <em>Formação Avançada em Doutrina Espírita</em>, operacionalizada na programação do 1º semestre (março, abril, maio, junho) e 2º semestre (agosto, setembro, outubro, novembro) executada aos sábados de 15h às 17h. Apoiando esta linha de atuação tem-se no mês de julho <em>Tópicos Especiais em Espiritismo</em>, que discutem grandes temas da atualidade à luz da Doutrina Espírita, desenvolvidos através de seminários e mesas redondas e nos meses de janeiro e fevereiro o <em>Curso de Verão</em> que procuram retratar o estado da arte das diversas áreas do conhecimento e sua correlação com a Doutrina Espírita;</li>
<li>a segunda <em>Nivelamento e Atualização</em> e</li>
<li>a terceira <em>Prestação de Serviços ao Movimento Espírita</em> (em implantação).</li>
</ol>
<p>Paralelamente está sendo desenvolvido o estudo da <em>Codificação Espírita,</em> da obra de <em>André Luiz</em> e do Pensamento de<em>Joanna de Angelis</em>, assim como <em>cursos de nivelamento de base doutrinária</em> e o <em>curso de esperanto</em>.</p>

<p>Abordagem A Visão dos Cursos perseguida e ministrada pelo ICEB, decorrente de seus objetivos estratégicos, resme-se em três linhas de abordagem: a primeira Formação Avançada em Doutrina Espírita, operacionalizada na programação do 1º semestre (março, abril, maio, junho) e 2º semestre (agosto, setembro, outubro, novembro) executada aos sábados de 15h às 17h. Apoiando esta linha de atuação tem-se [&hellip;]</p>
