{"id":6,"date":"2011-12-04T03:14:58","date_gmt":"2011-12-04T06:14:58","guid":{"rendered":"http:\/\/www.portaliceb.org.br\/wordpress\/?page_id=6"},"modified":"2016-10-10T11:31:44","modified_gmt":"2016-10-10T14:31:44","slug":"fale-conosco","status":"publish","type":"page","link":"http:\/\/www.portaliceb.org.br\/wordpress\/?page_id=6","title":{"rendered":"Contatos"},"content":{"rendered":"<p>:: Fale com o Instituto de Cultura Esp\u00edrita do Brasil ::<\/p>\n<p>Ajude a promover a cultura esp\u00edrita!<\/p>\n<p>\u201c\u2026\u00e9 preciso garantir que cada indiv\u00edduo queira aprender, evoluir, modificar sua maneira de ser e estar no mundo. \u00c9 preciso assegurar o comprometimento do individual com o coletivo. \u00c9 necess\u00e1rio efetuar a constru\u00e7\u00e3o do conhecimento sob a \u00f3tica do ser humano, segundo suas necessidades, perspectivas e anseios\u2026\u201d<\/p>\n<div id=\"divCorpo\" class=\"TEXTO_PADRAO\">\n<div id=\"divIceb\" align=\"center\">\n<div id=\"txt\" align=\"left\">\n<p>Fale com o Instituto de Cultura Esp\u00edrita do Brasil:<br \/>\n<a href=\"mailto:institutodeculturaespiritadobr@gmail.com\">institutodeculturaespiritadobr@gmail.com<\/a>\u00a0<strong><br \/>\nRua S\u00e3o Francisco Xavier 609 &#8211; Maracan\u00e3 &#8211; Rio de Janeiro &#8211; RJ (Grupo Esp\u00edrita Regenera\u00e7\u00e3o)<br \/>\nTel.:2224.1060 \/ Fax: 2224.0736<br \/>\n<\/strong><\/p>\n<\/div>\n<\/div>\n<\/div>\n","protected":false},"excerpt":{"rendered":"<p>:: Fale com o Instituto de Cultura Esp\u00edrita do Brasil :: Ajude a promover a cultura esp\u00edrita! \u201c\u2026\u00e9 preciso garantir que cada indiv\u00edduo queira aprender, evoluir, modificar sua maneira de ser e estar no mundo. \u00c9 preciso assegurar o comprometimento do individual com o coletivo. \u00c9 necess\u00e1rio efetuar a constru\u00e7\u00e3o do conhecimento sob a \u00f3tica [&hellip;]<\/p>\n","protected":false},"author":1,"featured_media":0,"parent":0,"menu_order":8,"comment_status":"closed","ping_status":"closed","template":"","meta":{"footnotes":""},"class_list":["post-6","page","type-page","status-publish","hentry"],"_links":{"self":[{"href":"http:\/\/www.portaliceb.org.br\/wordpress\/index.php?rest_route=\/wp\/v2\/pages\/6","targetHints":{"allow":["GET"]}}],"collection":[{"href":"http:\/\/www.portaliceb.org.br\/wordpress\/index.php?rest_route=\/wp\/v2\/pages"}],"about":[{"href":"http:\/\/www.portaliceb.org.br\/wordpress\/index.php?rest_route=\/wp\/v2\/types\/page"}],"author":[{"embeddable":true,"href":"http:\/\/www.portaliceb.org.br\/wordpress\/index.php?rest_route=\/wp\/v2\/users\/1"}],"replies":[{"embeddable":true,"href":"http:\/\/www.portaliceb.org.br\/wordpress\/index.php?rest_route=%2Fwp%2Fv2%2Fcomments&post=6"}],"version-history":[{"count":13,"href":"http:\/\/www.portaliceb.org.br\/wordpress\/index.php?rest_route=\/wp\/v2\/pages\/6\/revisions"}],"predecessor-version":[{"id":1009,"href":"http:\/\/www.portaliceb.org.br\/wordpress\/index.php?rest_route=\/wp\/v2\/pages\/6\/revisions\/1009"}],"wp:attachment":[{"href":"http:\/\/www.portaliceb.org.br\/wordpress\/index.php?rest_route=%2Fwp%2Fv2%2Fmedia&parent=6"}],"curies":[{"name":"wp","href":"https:\/\/api.w.org\/{rel}","templated":true}]}}

<p>:: Fale com o Instituto de Cultura Espírita do Brasil ::</p>
<p>Ajude a promover a cultura espírita!</p>
<p>“…é preciso garantir que cada indivíduo queira aprender, evoluir, modificar sua maneira de ser e estar no mundo. É preciso assegurar o comprometimento do individual com o coletivo. É necessário efetuar a construção do conhecimento sob a ótica do ser humano, segundo suas necessidades, perspectivas e anseios…”</p>
<div id="divCorpo" class="TEXTO_PADRAO">
<div id="divIceb" align="center">
<div id="txt" align="left">
<p>Fale com o Instituto de Cultura Espírita do Brasil:<br />
<a href="mailto:institutodeculturaespiritadobr@gmail.com">institutodeculturaespiritadobr@gmail.com</a> <strong><br />
Rua São Francisco Xavier 609 &#8211; Maracanã &#8211; Rio de Janeiro &#8211; RJ (Grupo Espírita Regeneração)<br />
Tel.:2224.1060 / Fax: 2224.0736<br />
</strong></p>
</div>
</div>
</div>

<p>:: Fale com o Instituto de Cultura Espírita do Brasil :: Ajude a promover a cultura espírita! “…é preciso garantir que cada indivíduo queira aprender, evoluir, modificar sua maneira de ser e estar no mundo. É preciso assegurar o comprometimento do individual com o coletivo. É necessário efetuar a construção do conhecimento sob a ótica [&hellip;]</p>
