{"id":53,"date":"2011-12-04T20:36:05","date_gmt":"2011-12-04T23:36:05","guid":{"rendered":"http:\/\/www.portaliceb.org.br\/wordpress\/?page_id=53"},"modified":"2015-09-10T13:04:06","modified_gmt":"2015-09-10T16:04:06","slug":"programacao","status":"publish","type":"page","link":"http:\/\/www.portaliceb.org.br\/wordpress\/?page_id=53","title":{"rendered":"Cursos"},"content":{"rendered":"<h1 style=\"text-align: left;\" align=\"center\">Estrutura de Cursos do ICEB<\/h1>\n<h2 style=\"text-align: left;\" align=\"center\">Vis\u00e3o dos Cursos<\/h2>\n<p>A\u00a0<strong>Vis\u00e3o dos Cursos<\/strong>\u00a0perseguida e ministrada pelo ICEB, decorrente de seus objetivos estrat\u00e9gicos, resme-se em tr\u00eas linhas de abordagem:<\/p>\n<ol>\n<li>a primeira Forma\u00e7\u00e3o Avan\u00e7ada em Doutrina Esp\u00edrita, procura retratar o estado da arte das diversas \u00e1reas do conhecimento e sua correla\u00e7\u00e3o com a Doutrina Esp\u00edrita. Est\u00e1 operacionalizada na programa\u00e7\u00e3o do 1\u00ba semestre (mar\u00e7o, abril, maio, junho) e 2\u00ba semestre (agosto, setembro, outubro, novembro) executada aos s\u00e1bados de 14h \u00e0s 17h. Apoiando esta linha de atua\u00e7\u00e3o tem-se no m\u00eas de julho T\u00f3picos Especiais em Espiritismo, que discutem grandes temas da atualidade \u00e0 luz da Doutrina Esp\u00edrita, desenvolvidos atrav\u00e9s de semin\u00e1rios e mesas redondas e nos meses de janeiro e fevereiro o\u00a0<em>Curso de Ver\u00e3o<\/em><\/li>\n<li>a segunda\u00a0<em>Nivelamento e Atualiza\u00e7\u00e3o<\/em>\u00a0e<\/li>\n<li>a terceira\u00a0<em>Presta\u00e7\u00e3o de Servi\u00e7os ao Movimento Esp\u00edrita (Paralisado).<\/em><\/li>\n<\/ol>\n<p>Paralelamente est\u00e1 sendo desenvolvido o estudo \u00a0da obra de\u00a0<em>Andr\u00e9 Luiz<\/em>\u00a0e do Pensamento de <em>Joanna de \u00c2ngelis<\/em>\u00a0e o\u00a0<em>curso de esperanto<\/em>.<\/p>\n<p>Download :\u00a0<a href=\"http:\/\/www.portaliceb.org.br\/wordpress\/wp-content\/uploads\/2015\/09\/Visao_dos_Cursos2.pdf\" target=\"_blank\">Vis\u00e3o dos Cursos.pdf<\/a><\/p>\n","protected":false},"excerpt":{"rendered":"<p>Estrutura de Cursos do ICEB Vis\u00e3o dos Cursos A\u00a0Vis\u00e3o dos Cursos\u00a0perseguida e ministrada pelo ICEB, decorrente de seus objetivos estrat\u00e9gicos, resme-se em tr\u00eas linhas de abordagem: a primeira Forma\u00e7\u00e3o Avan\u00e7ada em Doutrina Esp\u00edrita, procura retratar o estado da arte das diversas \u00e1reas do conhecimento e sua correla\u00e7\u00e3o com a Doutrina Esp\u00edrita. Est\u00e1 operacionalizada na programa\u00e7\u00e3o [&hellip;]<\/p>\n","protected":false},"author":1,"featured_media":0,"parent":0,"menu_order":2,"comment_status":"closed","ping_status":"closed","template":"","meta":{"footnotes":""},"class_list":["post-53","page","type-page","status-publish","hentry"],"_links":{"self":[{"href":"http:\/\/www.portaliceb.org.br\/wordpress\/index.php?rest_route=\/wp\/v2\/pages\/53","targetHints":{"allow":["GET"]}}],"collection":[{"href":"http:\/\/www.portaliceb.org.br\/wordpress\/index.php?rest_route=\/wp\/v2\/pages"}],"about":[{"href":"http:\/\/www.portaliceb.org.br\/wordpress\/index.php?rest_route=\/wp\/v2\/types\/page"}],"author":[{"embeddable":true,"href":"http:\/\/www.portaliceb.org.br\/wordpress\/index.php?rest_route=\/wp\/v2\/users\/1"}],"replies":[{"embeddable":true,"href":"http:\/\/www.portaliceb.org.br\/wordpress\/index.php?rest_route=%2Fwp%2Fv2%2Fcomments&post=53"}],"version-history":[{"count":10,"href":"http:\/\/www.portaliceb.org.br\/wordpress\/index.php?rest_route=\/wp\/v2\/pages\/53\/revisions"}],"predecessor-version":[{"id":861,"href":"http:\/\/www.portaliceb.org.br\/wordpress\/index.php?rest_route=\/wp\/v2\/pages\/53\/revisions\/861"}],"wp:attachment":[{"href":"http:\/\/www.portaliceb.org.br\/wordpress\/index.php?rest_route=%2Fwp%2Fv2%2Fmedia&parent=53"}],"curies":[{"name":"wp","href":"https:\/\/api.w.org\/{rel}","templated":true}]}}

<h1 style="text-align: left;" align="center">Estrutura de Cursos do ICEB</h1>
<h2 style="text-align: left;" align="center">Visão dos Cursos</h2>
<p>A <strong>Visão dos Cursos</strong> perseguida e ministrada pelo ICEB, decorrente de seus objetivos estratégicos, resme-se em três linhas de abordagem:</p>
<ol>
<li>a primeira Formação Avançada em Doutrina Espírita, procura retratar o estado da arte das diversas áreas do conhecimento e sua correlação com a Doutrina Espírita. Está operacionalizada na programação do 1º semestre (março, abril, maio, junho) e 2º semestre (agosto, setembro, outubro, novembro) executada aos sábados de 14h às 17h. Apoiando esta linha de atuação tem-se no mês de julho Tópicos Especiais em Espiritismo, que discutem grandes temas da atualidade à luz da Doutrina Espírita, desenvolvidos através de seminários e mesas redondas e nos meses de janeiro e fevereiro o <em>Curso de Verão</em></li>
<li>a segunda <em>Nivelamento e Atualização</em> e</li>
<li>a terceira <em>Prestação de Serviços ao Movimento Espírita (Paralisado).</em></li>
</ol>
<p>Paralelamente está sendo desenvolvido o estudo  da obra de <em>André Luiz</em> e do Pensamento de <em>Joanna de Ângelis</em> e o <em>curso de esperanto</em>.</p>
<p>Download : <a href="http://www.portaliceb.org.br/wordpress/wp-content/uploads/2015/09/Visao_dos_Cursos2.pdf" target="_blank">Visão dos Cursos.pdf</a></p>

<p>Estrutura de Cursos do ICEB Visão dos Cursos A Visão dos Cursos perseguida e ministrada pelo ICEB, decorrente de seus objetivos estratégicos, resme-se em três linhas de abordagem: a primeira Formação Avançada em Doutrina Espírita, procura retratar o estado da arte das diversas áreas do conhecimento e sua correlação com a Doutrina Espírita. Está operacionalizada na programação [&hellip;]</p>
