{"id":22,"date":"2011-12-04T03:35:21","date_gmt":"2011-12-04T06:35:21","guid":{"rendered":"http:\/\/www.portaliceb.org.br\/wordpress\/?page_id=22"},"modified":"2013-03-07T22:21:02","modified_gmt":"2013-03-08T01:21:02","slug":"tv-iceb","status":"publish","type":"page","link":"http:\/\/www.portaliceb.org.br\/wordpress\/?page_id=22","title":{"rendered":"TV ICEB"},"content":{"rendered":"<p>:: Transmiss\u00e3o ao vivo das palestras e cursos\u00a0pela TVICEB ::<\/p>\n<p>Vinculada ao Instituto de Cultura Esp\u00edrita do Brasil (ICEB), que tem a miss\u00e3o de &#8220;Constrituir-se, por meio do estudo integrado e da pesquisa institucionalizada, como refer\u00eancia nacional e internacional para a cultura esp\u00edrita&#8221;, A TV ICEB foi criada para socializar e democratizar o acesso da poupal\u00e7\u00e3o ao conhecimento esp\u00edrita.<\/p>\n<p>Acesse: <a title=\"TV ICEB\" href=\"http:\/\/tviceb.com\" target=\"_blank\">http:\/\/tviceb.com<\/a><\/p>\n<p>&nbsp;<\/p>\n","protected":false},"excerpt":{"rendered":"<p>:: Transmiss\u00e3o ao vivo das palestras e cursos\u00a0pela TVICEB :: Vinculada ao Instituto de Cultura Esp\u00edrita do Brasil (ICEB), que tem a miss\u00e3o de &#8220;Constrituir-se, por meio do estudo integrado e da pesquisa institucionalizada, como refer\u00eancia nacional e internacional para a cultura esp\u00edrita&#8221;, A TV ICEB foi criada para socializar e democratizar o acesso da [&hellip;]<\/p>\n","protected":false},"author":1,"featured_media":0,"parent":0,"menu_order":4,"comment_status":"closed","ping_status":"closed","template":"","meta":{"footnotes":""},"class_list":["post-22","page","type-page","status-publish","hentry"],"_links":{"self":[{"href":"http:\/\/www.portaliceb.org.br\/wordpress\/index.php?rest_route=\/wp\/v2\/pages\/22","targetHints":{"allow":["GET"]}}],"collection":[{"href":"http:\/\/www.portaliceb.org.br\/wordpress\/index.php?rest_route=\/wp\/v2\/pages"}],"about":[{"href":"http:\/\/www.portaliceb.org.br\/wordpress\/index.php?rest_route=\/wp\/v2\/types\/page"}],"author":[{"embeddable":true,"href":"http:\/\/www.portaliceb.org.br\/wordpress\/index.php?rest_route=\/wp\/v2\/users\/1"}],"replies":[{"embeddable":true,"href":"http:\/\/www.portaliceb.org.br\/wordpress\/index.php?rest_route=%2Fwp%2Fv2%2Fcomments&post=22"}],"version-history":[{"count":8,"href":"http:\/\/www.portaliceb.org.br\/wordpress\/index.php?rest_route=\/wp\/v2\/pages\/22\/revisions"}],"predecessor-version":[{"id":412,"href":"http:\/\/www.portaliceb.org.br\/wordpress\/index.php?rest_route=\/wp\/v2\/pages\/22\/revisions\/412"}],"wp:attachment":[{"href":"http:\/\/www.portaliceb.org.br\/wordpress\/index.php?rest_route=%2Fwp%2Fv2%2Fmedia&parent=22"}],"curies":[{"name":"wp","href":"https:\/\/api.w.org\/{rel}","templated":true}]}}

<p>:: Transmissão ao vivo das palestras e cursos pela TVICEB ::</p>
<p>Vinculada ao Instituto de Cultura Espírita do Brasil (ICEB), que tem a missão de &#8220;Constrituir-se, por meio do estudo integrado e da pesquisa institucionalizada, como referência nacional e internacional para a cultura espírita&#8221;, A TV ICEB foi criada para socializar e democratizar o acesso da poupalção ao conhecimento espírita.</p>
<p>Acesse: <a title="TV ICEB" href="http://tviceb.com" target="_blank">http://tviceb.com</a></p>
<p>&nbsp;</p>

<p>:: Transmissão ao vivo das palestras e cursos pela TVICEB :: Vinculada ao Instituto de Cultura Espírita do Brasil (ICEB), que tem a missão de &#8220;Constrituir-se, por meio do estudo integrado e da pesquisa institucionalizada, como referência nacional e internacional para a cultura espírita&#8221;, A TV ICEB foi criada para socializar e democratizar o acesso da [&hellip;]</p>
