{"id":2,"date":"2011-12-04T01:09:32","date_gmt":"2011-12-04T04:09:32","guid":{"rendered":"http:\/\/www.portaliceb.org.br\/wordpress\/?page_id=2"},"modified":"2013-03-02T23:21:06","modified_gmt":"2013-03-03T02:21:06","slug":"pagina-exemplo","status":"publish","type":"page","link":"http:\/\/www.portaliceb.org.br\/wordpress\/?page_id=2","title":{"rendered":"O ICEB"},"content":{"rendered":"<h1 align=\"center\">Instituto de Cultura Esp\u00edrita do Brasil<\/h1>\n<h2 align=\"center\">Desenvolvendo o Homem Integral<\/h2>\n<div>O cen\u00e1rio mundial da atualidade traz mudan\u00e7as estruturais e tecnol\u00f3gicas relevantes. O fato de que muitos especialistas, em v\u00e1rias \u00e1reas do conhecimento humano, n\u00e3o est\u00e3o sendo capazes de resolver, em suas \u00e1reas de especializa\u00e7\u00e3o, os problemas urgentes, obriga a uma mudan\u00e7a na forma de observa\u00e7\u00e3o do mundo real. S\u00e3o necess\u00e1rios novos valores para que a realidade percebida seja alterada. O modelo reducionista estabelecido pela revolu\u00e7\u00e3o industrial e at\u00e9 ent\u00e3o utilizado n\u00e3o atende mais aos anseios da humanidade terrena.<\/div>\n<div>A forma de perceber o mundo \u00e9 fortemente influenciada pela cultura, cren\u00e7as e valores de cada um em particular, mostrando-se em realidades diferentes. O conhecimento adquirido provoca escolhas distintas, ditando comportamentos e atitudes diversos. Vive-se um momento de transi\u00e7\u00e3o, no limiar de novos tempos, onde v\u00e1rias percep\u00e7\u00f5es de mundo, inerentes \u00e0s aquisi\u00e7\u00f5es pr\u00f3prias de cada ser em particular, co-habitam e n\u00e3o s\u00e3o necessariamente excludentes, mas se complementam e juntas v\u00e3o definindo a realidade percebida.<\/div>\n<p><span class=\"Apple-style-span\" style=\"font-size: 12px; line-height: 18px;\">O homem da atualidade se v\u00ea obrigado a mergulhar em seu interior, a buscar uma reformula\u00e7\u00e3o de seus modelos de percep\u00e7\u00e3o, e a construir novos relacionamentos consigo mesmo, com o outro e com o meio onde vive. \u00c9 a era do resgate do indiv\u00edduo, da busca de entendimento de suas necessidades e anseios, objetivando a sua plena realiza\u00e7\u00e3o e a conseq\u00fcente renova\u00e7\u00e3o dos valores \u00e9ticos e morais da sociedade.<\/span><\/p>\n<p><span class=\"Apple-style-span\" style=\"font-size: 12px; line-height: 18px;\">Uma nova renascen\u00e7a se faz presente, um novo modelo se estabelece, onde se busca a valoriza\u00e7\u00e3o do homem como ser integral, pleno, uno em sua raz\u00e3o, seus sentimentos, suas emo\u00e7\u00f5es e sensa\u00e7\u00f5es. E para isso se faz necess\u00e1rio uma expans\u00e3o da consci\u00eancia individual e coletiva, uma revis\u00e3o de comportamentos e atitudes que possam estar comprometendo a qualidade de vida da humanidade.<\/span><\/p>\n<p><span class=\"Apple-style-span\" style=\"font-size: 12px; line-height: 18px;\">Hoje a busca pela vis\u00e3o de totalidade, da integra\u00e7\u00e3o e interconex\u00e3o de tudo e de todos come\u00e7a a ser uma constante em todas as \u00e1reas do conhecimento humano. A reformula\u00e7\u00e3o de modelos mentais e a constru\u00e7\u00e3o de novos relacionamentos \u00e9 condi\u00e7\u00e3o \u201csine qua non\u201d de sustentabilidade. A educa\u00e7\u00e3o e a constru\u00e7\u00e3o do novo homem se tornaram o centro do futuro da humanidade planet\u00e1ria.<\/span><\/p>\n<p><span class=\"Apple-style-span\" style=\"font-size: 12px; line-height: 18px;\">Diante de tal cen\u00e1rio o Espiritismo se apresenta como um caminho para o estabelecimento de uma nova ordem social. A Doutrina Esp\u00edrita tem muito a contribuir para vencer o grande desafio que se estabelece na sociedade contempor\u00e2nea, o de mudar sua forma de pensar e agir, buscando o resgate do ser integral.<\/span><\/p>\n<p><span class=\"Apple-style-span\" style=\"font-size: 12px; line-height: 18px;\">Portanto \u00e9 preciso que o Movimento Esp\u00edrita, atrav\u00e9s de suas Institui\u00e7\u00f5es se desenvolva e avance em suas propostas. Dentro deste contexto est\u00e1 atuando o\u00a0<\/span><strong style=\"font-size: 12px; line-height: 18px;\">INSTITUTO DE CULTURA ESP\u00cdRITA DO BRASIL (ICEB)<\/strong><span class=\"Apple-style-span\" style=\"font-size: 12px; line-height: 18px;\">, uma sociedade civil, sem fins lucrativos, fundada em 7 de dezembro de 1957, que\u00a0<\/span><strong style=\"font-size: 12px; line-height: 18px;\"><em>tem no escopo de suas atividades de ensino e de divulga\u00e7\u00e3o da Doutrina Esp\u00edrita<\/em><\/strong><span class=\"Apple-style-span\" style=\"font-size: 12px; line-height: 18px;\">\u00a0a proposta de ajudar o homem moderno a ter um ideal, a saber quem \u00e9, de onde vem e para onde vai, a encontrar dentro de si mesmo este homem novo, t\u00e3o almejado e desejado.<\/span><\/p>\n<div>O\u00a0<strong>ICEB<\/strong>\u00a0em cada uma de suas atividades avista a possibilidade de contribuir com o desenvolvimento de pessoas e grupos sociais; a possibilidade de apresentar um ponto novo, outro \u00e2ngulo de vis\u00e3o, um novo modelo de aprendizado; a possibilidade de questionar, de refletir, de incitar a revis\u00e3o de comportamentos e atitudes; a possibilidade de motivar o homem moderno a uma reforma de valores. \u00c9 necess\u00e1rio faz\u00ea-lo acreditar que as repostas est\u00e3o dentro de cada um individualmente e que na busca de sonhos e realiza\u00e7\u00f5es n\u00e3o h\u00e1 erros, mas oportunidades de aprendizagem, e para que tudo isso seja efetivo \u00e9 imprescind\u00edvel a consci\u00eancia da unidade na diversidade.<\/div>\n","protected":false},"excerpt":{"rendered":"<p>Instituto de Cultura Esp\u00edrita do Brasil Desenvolvendo o Homem Integral O cen\u00e1rio mundial da atualidade traz mudan\u00e7as estruturais e tecnol\u00f3gicas relevantes. O fato de que muitos especialistas, em v\u00e1rias \u00e1reas do conhecimento humano, n\u00e3o est\u00e3o sendo capazes de resolver, em suas \u00e1reas de especializa\u00e7\u00e3o, os problemas urgentes, obriga a uma mudan\u00e7a na forma de observa\u00e7\u00e3o [&hellip;]<\/p>\n","protected":false},"author":1,"featured_media":0,"parent":0,"menu_order":0,"comment_status":"closed","ping_status":"closed","template":"","meta":{"footnotes":""},"class_list":["post-2","page","type-page","status-publish","hentry"],"_links":{"self":[{"href":"http:\/\/www.portaliceb.org.br\/wordpress\/index.php?rest_route=\/wp\/v2\/pages\/2","targetHints":{"allow":["GET"]}}],"collection":[{"href":"http:\/\/www.portaliceb.org.br\/wordpress\/index.php?rest_route=\/wp\/v2\/pages"}],"about":[{"href":"http:\/\/www.portaliceb.org.br\/wordpress\/index.php?rest_route=\/wp\/v2\/types\/page"}],"author":[{"embeddable":true,"href":"http:\/\/www.portaliceb.org.br\/wordpress\/index.php?rest_route=\/wp\/v2\/users\/1"}],"replies":[{"embeddable":true,"href":"http:\/\/www.portaliceb.org.br\/wordpress\/index.php?rest_route=%2Fwp%2Fv2%2Fcomments&post=2"}],"version-history":[{"count":3,"href":"http:\/\/www.portaliceb.org.br\/wordpress\/index.php?rest_route=\/wp\/v2\/pages\/2\/revisions"}],"predecessor-version":[{"id":294,"href":"http:\/\/www.portaliceb.org.br\/wordpress\/index.php?rest_route=\/wp\/v2\/pages\/2\/revisions\/294"}],"wp:attachment":[{"href":"http:\/\/www.portaliceb.org.br\/wordpress\/index.php?rest_route=%2Fwp%2Fv2%2Fmedia&parent=2"}],"curies":[{"name":"wp","href":"https:\/\/api.w.org\/{rel}","templated":true}]}}

<h1 align="center">Instituto de Cultura Espírita do Brasil</h1>
<h2 align="center">Desenvolvendo o Homem Integral</h2>
<div>O cenário mundial da atualidade traz mudanças estruturais e tecnológicas relevantes. O fato de que muitos especialistas, em várias áreas do conhecimento humano, não estão sendo capazes de resolver, em suas áreas de especialização, os problemas urgentes, obriga a uma mudança na forma de observação do mundo real. São necessários novos valores para que a realidade percebida seja alterada. O modelo reducionista estabelecido pela revolução industrial e até então utilizado não atende mais aos anseios da humanidade terrena.</div>
<div>A forma de perceber o mundo é fortemente influenciada pela cultura, crenças e valores de cada um em particular, mostrando-se em realidades diferentes. O conhecimento adquirido provoca escolhas distintas, ditando comportamentos e atitudes diversos. Vive-se um momento de transição, no limiar de novos tempos, onde várias percepções de mundo, inerentes às aquisições próprias de cada ser em particular, co-habitam e não são necessariamente excludentes, mas se complementam e juntas vão definindo a realidade percebida.</div>
<p><span class="Apple-style-span" style="font-size: 12px; line-height: 18px;">O homem da atualidade se vê obrigado a mergulhar em seu interior, a buscar uma reformulação de seus modelos de percepção, e a construir novos relacionamentos consigo mesmo, com o outro e com o meio onde vive. É a era do resgate do indivíduo, da busca de entendimento de suas necessidades e anseios, objetivando a sua plena realização e a conseqüente renovação dos valores éticos e morais da sociedade.</span></p>
<p><span class="Apple-style-span" style="font-size: 12px; line-height: 18px;">Uma nova renascença se faz presente, um novo modelo se estabelece, onde se busca a valorização do homem como ser integral, pleno, uno em sua razão, seus sentimentos, suas emoções e sensações. E para isso se faz necessário uma expansão da consciência individual e coletiva, uma revisão de comportamentos e atitudes que possam estar comprometendo a qualidade de vida da humanidade.</span></p>
<p><span class="Apple-style-span" style="font-size: 12px; line-height: 18px;">Hoje a busca pela visão de totalidade, da integração e interconexão de tudo e de todos começa a ser uma constante em todas as áreas do conhecimento humano. A reformulação de modelos mentais e a construção de novos relacionamentos é condição “sine qua non” de sustentabilidade. A educação e a construção do novo homem se tornaram o centro do futuro da humanidade planetária.</span></p>
<p><span class="Apple-style-span" style="font-size: 12px; line-height: 18px;">Diante de tal cenário o Espiritismo se apresenta como um caminho para o estabelecimento de uma nova ordem social. A Doutrina Espírita tem muito a contribuir para vencer o grande desafio que se estabelece na sociedade contemporânea, o de mudar sua forma de pensar e agir, buscando o resgate do ser integral.</span></p>
<p><span class="Apple-style-span" style="font-size: 12px; line-height: 18px;">Portanto é preciso que o Movimento Espírita, através de suas Instituições se desenvolva e avance em suas propostas. Dentro deste contexto está atuando o </span><strong style="font-size: 12px; line-height: 18px;">INSTITUTO DE CULTURA ESPÍRITA DO BRASIL (ICEB)</strong><span class="Apple-style-span" style="font-size: 12px; line-height: 18px;">, uma sociedade civil, sem fins lucrativos, fundada em 7 de dezembro de 1957, que </span><strong style="font-size: 12px; line-height: 18px;"><em>tem no escopo de suas atividades de ensino e de divulgação da Doutrina Espírita</em></strong><span class="Apple-style-span" style="font-size: 12px; line-height: 18px;"> a proposta de ajudar o homem moderno a ter um ideal, a saber quem é, de onde vem e para onde vai, a encontrar dentro de si mesmo este homem novo, tão almejado e desejado.</span></p>
<div>O <strong>ICEB</strong> em cada uma de suas atividades avista a possibilidade de contribuir com o desenvolvimento de pessoas e grupos sociais; a possibilidade de apresentar um ponto novo, outro ângulo de visão, um novo modelo de aprendizado; a possibilidade de questionar, de refletir, de incitar a revisão de comportamentos e atitudes; a possibilidade de motivar o homem moderno a uma reforma de valores. É necessário fazê-lo acreditar que as repostas estão dentro de cada um individualmente e que na busca de sonhos e realizações não há erros, mas oportunidades de aprendizagem, e para que tudo isso seja efetivo é imprescindível a consciência da unidade na diversidade.</div>

<p>Instituto de Cultura Espírita do Brasil Desenvolvendo o Homem Integral O cenário mundial da atualidade traz mudanças estruturais e tecnológicas relevantes. O fato de que muitos especialistas, em várias áreas do conhecimento humano, não estão sendo capazes de resolver, em suas áreas de especialização, os problemas urgentes, obriga a uma mudança na forma de observação [&hellip;]</p>
