{"id":13,"date":"2011-12-04T03:22:34","date_gmt":"2011-12-04T06:22:34","guid":{"rendered":"http:\/\/www.portaliceb.org.br\/wordpress\/?page_id=13"},"modified":"2013-03-03T01:59:00","modified_gmt":"2013-03-03T04:59:00","slug":"radio-cultura-espirita","status":"publish","type":"page","link":"http:\/\/www.portaliceb.org.br\/wordpress\/?page_id=13","title":{"rendered":"R\u00e1dio Online"},"content":{"rendered":"<p>:: Programa de R\u00e1dio<\/p>\n<p>Como parte do esfor\u00e7o de divulga\u00e7\u00e3o dos princ\u00edpios doutrin\u00e1rios, o ICEB mant\u00e9m na R\u00e1dio Rio de Janeiro, AM, freq\u00fc\u00eancia 1400 kHz programas radiof\u00f4nicos, mantendo debates sobre temas contempor\u00e2neos de interesse geral, bem como divulgando atividades e eventos do Movimento Esp\u00edrita.<\/p>\n<p>:: R\u00e1dio On-line &#8211; Assista agora o\u00a0<a href=\"http:\/\/www.youtube.com\/user\/icebradio?feature=results_main\" target=\"_blank\">canal da Radio ICEB\u00a0<\/a>no Youtube.\u00a0<\/p>\n<table width=\"526\" border=\"0\" cellspacing=\"0\" cellpadding=\"0\" align=\"center\">\n<tbody>\n<tr>\n<td valign=\"top\" width=\"241\">\n<p align=\"center\">\u00a0<\/p>\n<p align=\"center\"><a title=\"Canal da Radio no YOUTUBE\" href=\"http:\/\/www.youtube.com\/user\/icebradio?feature=results_main\" target=\"_blank\"><strong><img decoding=\"async\" alt=\"Radio OnLine\" src=\"http:\/\/portaliceb.org.br\/images\/radioiceb.jpg\" width=\"225\" height=\"99\" \/><\/strong><\/a><\/p>\n<\/td>\n<td valign=\"top\" width=\"599\"><strong>\u201cNotici\u00e1rio do ICEB\u201d<\/strong>\u00a0;<br \/>\n<strong>\u201c<em>Pelos Caminhos da Educa\u00e7\u00e3o<\/em>\u201d<\/strong>;<br \/>\n<strong>&#8220;Cultura Esp\u00edrita&#8221;\u00a0<\/strong>;<br \/>\n<strong>\u201cEncontro com Jesus\u201d<\/strong>;<br \/>\n<strong>\u201cMusicoterapia e Espiritismo\u201d<\/strong>;<br \/>\n<strong>\u201cO Despertar de um Mundo Melhor\u201d<\/strong>.<\/td>\n<\/tr>\n<\/tbody>\n<\/table>\n","protected":false},"excerpt":{"rendered":"<p>:: Programa de R\u00e1dio Como parte do esfor\u00e7o de divulga\u00e7\u00e3o dos princ\u00edpios doutrin\u00e1rios, o ICEB mant\u00e9m na R\u00e1dio Rio de Janeiro, AM, freq\u00fc\u00eancia 1400 kHz programas radiof\u00f4nicos, mantendo debates sobre temas contempor\u00e2neos de interesse geral, bem como divulgando atividades e eventos do Movimento Esp\u00edrita. :: R\u00e1dio On-line &#8211; Assista agora o\u00a0canal da Radio ICEB\u00a0no Youtube.\u00a0 [&hellip;]<\/p>\n","protected":false},"author":1,"featured_media":0,"parent":0,"menu_order":5,"comment_status":"closed","ping_status":"closed","template":"","meta":{"footnotes":""},"class_list":["post-13","page","type-page","status-publish","hentry"],"_links":{"self":[{"href":"http:\/\/www.portaliceb.org.br\/wordpress\/index.php?rest_route=\/wp\/v2\/pages\/13","targetHints":{"allow":["GET"]}}],"collection":[{"href":"http:\/\/www.portaliceb.org.br\/wordpress\/index.php?rest_route=\/wp\/v2\/pages"}],"about":[{"href":"http:\/\/www.portaliceb.org.br\/wordpress\/index.php?rest_route=\/wp\/v2\/types\/page"}],"author":[{"embeddable":true,"href":"http:\/\/www.portaliceb.org.br\/wordpress\/index.php?rest_route=\/wp\/v2\/users\/1"}],"replies":[{"embeddable":true,"href":"http:\/\/www.portaliceb.org.br\/wordpress\/index.php?rest_route=%2Fwp%2Fv2%2Fcomments&post=13"}],"version-history":[{"count":7,"href":"http:\/\/www.portaliceb.org.br\/wordpress\/index.php?rest_route=\/wp\/v2\/pages\/13\/revisions"}],"predecessor-version":[{"id":353,"href":"http:\/\/www.portaliceb.org.br\/wordpress\/index.php?rest_route=\/wp\/v2\/pages\/13\/revisions\/353"}],"wp:attachment":[{"href":"http:\/\/www.portaliceb.org.br\/wordpress\/index.php?rest_route=%2Fwp%2Fv2%2Fmedia&parent=13"}],"curies":[{"name":"wp","href":"https:\/\/api.w.org\/{rel}","templated":true}]}}

Rádio Online

<p>:: Programa de Rádio</p>
<p>Como parte do esforço de divulgação dos princípios doutrinários, o ICEB mantém na Rádio Rio de Janeiro, AM, freqüência 1400 kHz programas radiofônicos, mantendo debates sobre temas contemporâneos de interesse geral, bem como divulgando atividades e eventos do Movimento Espírita.</p>
<p>:: Rádio On-line &#8211; Assista agora o <a href="http://www.youtube.com/user/icebradio?feature=results_main" target="_blank">canal da Radio ICEB </a>no Youtube. </p>
<table width="526" border="0" cellspacing="0" cellpadding="0" align="center">
<tbody>
<tr>
<td valign="top" width="241">
<p align="center"> </p>
<p align="center"><a title="Canal da Radio no YOUTUBE" href="http://www.youtube.com/user/icebradio?feature=results_main" target="_blank"><strong><img decoding="async" alt="Radio OnLine" src="http://portaliceb.org.br/images/radioiceb.jpg" width="225" height="99" /></strong></a></p>
</td>
<td valign="top" width="599"><strong>“Noticiário do ICEB”</strong> ;<br />
<strong>“<em>Pelos Caminhos da Educação</em>”</strong>;<br />
<strong>&#8220;Cultura Espírita&#8221; </strong>;<br />
<strong>“Encontro com Jesus”</strong>;<br />
<strong>“Musicoterapia e Espiritismo”</strong>;<br />
<strong>“O Despertar de um Mundo Melhor”</strong>.</td>
</tr>
</tbody>
</table>

<p>:: Programa de Rádio Como parte do esforço de divulgação dos princípios doutrinários, o ICEB mantém na Rádio Rio de Janeiro, AM, freqüência 1400 kHz programas radiofônicos, mantendo debates sobre temas contemporâneos de interesse geral, bem como divulgando atividades e eventos do Movimento Espírita. :: Rádio On-line &#8211; Assista agora o canal da Radio ICEB no Youtube.  [&hellip;]</p>
